{"id":574,"date":"2015-12-29T19:37:13","date_gmt":"2015-12-29T18:37:13","guid":{"rendered":"http:\/\/www.werenfried.nl\/kerk\/?page_id=574"},"modified":"2025-01-29T10:26:34","modified_gmt":"2025-01-29T09:26:34","slug":"verhuur-kerk-en-zaal","status":"publish","type":"page","link":"https:\/\/www.werenfried.nl\/kerk\/verhuur-kerk-en-zaal\/","title":{"rendered":"Verhuur kerk en zaal"},"content":{"rendered":"\t\t<div data-elementor-type=\"wp-page\" data-elementor-id=\"574\" class=\"elementor elementor-574\">\n\t\t\t\t\t\t<section class=\"elementor-section elementor-top-section elementor-element elementor-element-74bc2ffd elementor-section-boxed elementor-section-height-default elementor-section-height-default\" data-id=\"74bc2ffd\" data-element_type=\"section\" data-e-type=\"section\">\n\t\t\t\t\t\t<div class=\"elementor-container elementor-column-gap-default\">\n\t\t\t\t\t<div class=\"elementor-column elementor-col-100 elementor-top-column elementor-element elementor-element-5b97c3ec\" data-id=\"5b97c3ec\" data-element_type=\"column\" data-e-type=\"column\">\n\t\t\t<div class=\"elementor-widget-wrap elementor-element-populated\">\n\t\t\t\t\t\t<div class=\"elementor-element elementor-element-1653ce39 elementor-widget elementor-widget-text-editor\" data-id=\"1653ce39\" data-element_type=\"widget\" data-e-type=\"widget\" data-widget_type=\"text-editor.default\">\n\t\t\t\t<div class=\"elementor-widget-container\">\n\t\t\t\t\t\t\t\t\t<h3><b>Verhuur van het Paalmanhuis<\/b><\/h3>\n<p><!-- \/wp:heading --><\/p>\n<p><!-- wp:image {\"align\":\"center\",\"id\":1922} --><\/p>\n<figure class=\"wp-block-image aligncenter\"><img fetchpriority=\"high\" decoding=\"async\" width=\"500\" height=\"215\" class=\"wp-image-1922\" src=\"http:\/\/www.werenfried.nl\/kerk\/wp-content\/uploads\/2015\/12\/klein.jpg\" alt=\"\" srcset=\"https:\/\/www.werenfried.nl\/kerk\/wp-content\/uploads\/2015\/12\/klein.jpg 500w, https:\/\/www.werenfried.nl\/kerk\/wp-content\/uploads\/2015\/12\/klein-300x129.jpg 300w\" sizes=\"(max-width: 500px) 100vw, 500px\" \/><\/figure>\n<p><!-- \/wp:image --><\/p>\n<p><!-- wp:paragraph {\"align\":\"center\"} --><\/p>\n<p class=\"has-text-align-center\">\u00a0<\/p>\n<p><!-- \/wp:paragraph --><\/p>\n<p><!-- wp:paragraph --><\/p>\n<p>Het <strong>Paalmanhuis<\/strong> is het de voormalige woning van de koster van de Hervormde kerk dhr. Paalman. Het gebouw is door de Protestantse Gemeente verbouwd en wordt gebruikt voor bijeenkomsten, vergaderingen, ontmoetingen, gespreksavonden en dergelijke.<br \/>Er zijn drie ruimtes, twee voorkamers en een zaal met aangrenzend een keuken.<\/p>\n<p><!-- \/wp:paragraph --><\/p>\n<p><!-- wp:paragraph --><\/p>\n<p>Op \u00e9\u00e9n voorkamer na, kunnen alle ruimtes gehuurd worden voor zakelijke doeleinden; vergaderingen, cursussen, presentaties, lezingen.<\/p>\n<p><!-- \/wp:paragraph --><\/p>\n<p><!-- wp:paragraph --><\/p>\n<p><strong><span style=\"color: #ff0000;\">Voor feestelijk gebruik wordt de zaal ZEER BEPERKT verhuurd<\/span><\/strong><\/p>\n<p><!-- \/wp:paragraph --><\/p>\n<p><!-- wp:table --><\/p>\n<figure class=\"wp-block-table\">\n<table>\n<tbody>\n<tr>\n<td><img decoding=\"async\" class=\"wp-image-700 aligncenter\" src=\"http:\/\/www.werenfried.nl\/kerk\/wp-content\/uploads\/2015\/12\/zaal2.jpg\" alt=\"zaal2\" width=\"278\" height=\"209\" \/><\/td>\n<td><img decoding=\"async\" class=\"wp-image-699 aligncenter\" src=\"http:\/\/www.werenfried.nl\/kerk\/wp-content\/uploads\/2015\/12\/zaal1.jpg\" alt=\"zaal1\" width=\"284\" height=\"214\" \/><\/td>\n<\/tr>\n<\/tbody>\n<\/table>\n<\/figure>\n<p><!-- \/wp:table --><\/p>\n<p><!-- wp:paragraph --><\/p>\n<p>De zaal is geschikt voor maximaal 50 personen. In de keuken zijn koffiezetapparaten, waterkokers en een vaatwasser aanwezig. Er zijn voldoende glazen en kopjes.<\/p>\n<p><!-- \/wp:paragraph --><\/p>\n<p><!-- wp:table --><\/p>\n<figure class=\"wp-block-table\">\n<table>\n<tbody>\n<tr>\n<td><img loading=\"lazy\" decoding=\"async\" class=\"wp-image-697 aligncenter\" src=\"http:\/\/www.werenfried.nl\/kerk\/wp-content\/uploads\/2015\/12\/voorkamer1.jpg\" alt=\"voorkamer1\" width=\"285\" height=\"380\" srcset=\"https:\/\/www.werenfried.nl\/kerk\/wp-content\/uploads\/2015\/12\/voorkamer1.jpg 250w, https:\/\/www.werenfried.nl\/kerk\/wp-content\/uploads\/2015\/12\/voorkamer1-225x300.jpg 225w\" sizes=\"(max-width: 285px) 100vw, 285px\" \/><\/td>\n<td>\u00a0<\/td>\n<\/tr>\n<\/tbody>\n<\/table>\n<\/figure>\n<p><!-- \/wp:table --><\/p>\n<p><!-- wp:paragraph --><\/p>\n<p>Een voorkamer kan ook gehuurd worden, deze is geschikt voor kleine gezelschappen tot 10 personen maar lenen zich ook goed voor \u00e9\u00e9n op \u00e9\u00e9n gesprekken.<\/p>\n<p><!-- \/wp:paragraph --><\/p>\n<p><!-- wp:paragraph --><\/p>\n<p>In het Paalmanhuis is WIFI beschikbaar; voor gebruik ervan wordt een kleine vergoeding gevraagd.<\/p>\n<p style=\"padding-left: 40px;\"><span style=\"font-family: Verdana;\"><span style=\"color: #0f1215; font-size: small;\">Er is een CD-speler, een flipover, een elektrisch bedienbaar projectiescherm en eventueel een beamer beschikbaar. Wanneer u gebruik wil maken van het scherm en\/of de beamer neem dan <\/span><\/span><span style=\"font-family: Verdana; font-size: small;\">vooraf contact met de beheerders. Zij zorgen ervoor dat de bijbehorende afstandsbediening beschikbaar is.<\/span><\/p>\n<p style=\"padding-left: 40px;\">Het Paalmanhuis is op slechts 4 minuten loopafstand van station Westervoort. Er is volop (gratis) parkeergelegenheid in de omgeving. <span style=\"color: #993300;\"><a href=\"http:\/\/www.werenfried.nl\/kerk\/bereikbaarheid\/\" target=\"_blank\" rel=\"noreferrer noopener\"><b>zie ook openstelling\/bereikbaarheid&lt;&lt;&lt;<\/b><\/a><\/span><\/p>\n<p><!-- \/wp:paragraph --><\/p>\n<p><!-- wp:table --><\/p>\n<figure class=\"wp-block-table\" style=\"padding-left: 40px;\"><\/figure>\n<p><!-- \/wp:table --><\/p>\n<p><!-- wp:paragraph --><\/p>\n<p>Huurprijzen op aanvraag bij de beheerder<\/p>\n<p><!-- \/wp:paragraph --><\/p>\n<p><!-- wp:paragraph --><\/p>\n<p>Dick van Voorst<br \/><a href=\"mailto:paalmanhuis@pgwestervoort.nl\" target=\"_blank\" rel=\"noopener\">p<b>aalmanhuis@pgwestervoort.nl<\/b><\/a><\/p>\n<p>Telefoon: 06 22457575<\/p>\n<p><!-- \/wp:paragraph --><\/p>\n<p><!-- wp:heading {\"level\":3,\"align\":\"center\"} --><\/p>\n<h3><b>Verhuur van de kerk<\/b><\/h3>\n<p>In de kerk zijn maximaal 150 zitplaatsen beschikbaar.<\/p>\n<p>Huurprijzen op aanvraag bij de beheerder<\/p>\n<p><!-- \/wp:paragraph --><\/p>\n<p><!-- wp:paragraph --><\/p>\n<p>Dick van Voorst<br \/><a href=\"mailto:paalmanhuis@pgwestervoort.nl\" target=\"_blank\" rel=\"noopener\">p<b>aalmanhuis@pgwestervoort.nl<\/b><\/a><\/p>\n<p>Telefoon: 06 22457575<\/p>\n<p><!-- \/wp:heading --><\/p>\n<p><!-- wp:paragraph --><\/p>\n<p><!-- \/wp:paragraph --><\/p>\n<p><!-- wp:table --><\/p>\n<figure class=\"wp-block-table\"><\/figure>\n<p><!-- \/wp:table --><\/p>\t\t\t\t\t\t\t\t<\/div>\n\t\t\t\t<\/div>\n\t\t\t\t\t<\/div>\n\t\t<\/div>\n\t\t\t\t\t<\/div>\n\t\t<\/section>\n\t\t\t\t<\/div>\n\t\t","protected":false},"excerpt":{"rendered":"<p>Verhuur van het Paalmanhuis \u00a0 Het Paalmanhuis is het de voormalige woning van de koster van de Hervormde kerk dhr. Paalman. Het gebouw is door de Protestantse Gemeente verbouwd en wordt gebruikt voor bijeenkomsten, vergaderingen, ontmoetingen, gespreksavonden en dergelijke.Er zijn<\/p>\n","protected":false},"author":1,"featured_media":0,"parent":0,"menu_order":0,"comment_status":"closed","ping_status":"closed","template":"","meta":{"ngg_post_thumbnail":0,"footnotes":""},"class_list":["post-574","page","type-page","status-publish","hentry"],"_links":{"self":[{"href":"https:\/\/www.werenfried.nl\/kerk\/wp-json\/wp\/v2\/pages\/574","targetHints":{"allow":["GET"]}}],"collection":[{"href":"https:\/\/www.werenfried.nl\/kerk\/wp-json\/wp\/v2\/pages"}],"about":[{"href":"https:\/\/www.werenfried.nl\/kerk\/wp-json\/wp\/v2\/types\/page"}],"author":[{"embeddable":true,"href":"https:\/\/www.werenfried.nl\/kerk\/wp-json\/wp\/v2\/users\/1"}],"replies":[{"embeddable":true,"href":"https:\/\/www.werenfried.nl\/kerk\/wp-json\/wp\/v2\/comments?post=574"}],"version-history":[{"count":38,"href":"https:\/\/www.werenfried.nl\/kerk\/wp-json\/wp\/v2\/pages\/574\/revisions"}],"predecessor-version":[{"id":9089,"href":"https:\/\/www.werenfried.nl\/kerk\/wp-json\/wp\/v2\/pages\/574\/revisions\/9089"}],"wp:attachment":[{"href":"https:\/\/www.werenfried.nl\/kerk\/wp-json\/wp\/v2\/media?parent=574"}],"curies":[{"name":"wp","href":"https:\/\/api.w.org\/{rel}","templated":true}]}}